- 230 = -2*b. Let u = b + 65. Is u prime?
True
Is (-20472)/(-24) + 0/(0 + -1) composite?
False
Is -67*(-3 - -9)/(-3) prime?
False
Suppose 0 = -s - 3*q + 6, 6*q - 20 = -5*s + q. Suppose -2*k = 5*n - 45, 0 = -0*k + s*k + n - 100. Is k prime?
False
Suppose 0 = 2*l - 4*u - 1526, 2301 = 10*l - 7*l - 2*u. Is l a composite number?
False
Let w(v) = 26*v**2 - 24*v**2 - 9 + 8*v - 1 + 1. Is w(-11) prime?
False
Let q be (-6)/(-9)*9/2. Suppose -c - q + 25 = 0. Is c a prime number?
False
Suppose 0 = -2*v + 3*m + 24, 4 = -5*m + 4*m. Let y(w) = -72*w - 5. Let a be y(-10). Suppose b = v*b - a. Is b composite?
True
Let g be 9/(-6)*4/3. Let o = g - -4. Suppose 2*j - 476 = -o*j. Is j a prime number?
False
Is 161 + 3 + -3*4/12 prime?
True
Let u(y) = -y**3 - 3 + 8 + 2 + 5*y - 2*y**2 - 2. Let q be -3 - (4 + (-3 - -1)). Is u(q) prime?
False
Let n(v) = 15*v + 1 + 0*v**3 - 11*v**2 + v**3 - 14. Is n(10) composite?
False
Let l = 1761 + -964. Is l prime?
True
Let q(a) = 2*a**2 - 3*a + 3*a + 5*a - 11. Is q(8) composite?
False
Let q = -22 + 13. Let f = q + 24. Is f a composite number?
True
Let r = -153 - -73. Let l = -55 - r. Suppose -3*x + 360 = -6*k + 3*k, 5*k = -l. Is x composite?
True
Is (-2 + (0 - -573))/(4/4) composite?
False
Let b = -12 + -3. Let t = 80 + b. Is t a composite number?
True
Let g be (-24)/(-14)*(-8 - -1). Is (-67*1)/(g/36) a composite number?
True
Let r be (-6)/4*(-4)/(-3). Let p be (r/(-6))/(2/18). Suppose -518 = -4*a - 5*f, p*f + 375 = 3*a - 0*a. Is a a composite number?
False
Suppose 3102 = 2*p + 4*p. Is p a composite number?
True
Let b(r) = 2*r**2 + 2*r - 1. Let s(x) = x**3 + 8*x**2 - x - 10. Let v be s(-8). Let i be b(v). Suppose 39 = i*j - 0. Is j a composite number?
False
Suppose 4*x + 23 = 5*d, -d + 2*d - 2*x - 7 = 0. Let q = 170 + 3. Is q/3 - (-1)/d prime?
False
Suppose 0*u - u + 4 = 0. Suppose -4*b + 8 = g, 0 = u*g - b - 17 + 2. Suppose -g*y = 3*t - 135 - 8, 4*t = 2*y + 220. Is t a prime number?
True
Is (-1248)/(-27) + (-8)/36 composite?
True
Suppose 0 = 5*o - 0*o - 2*h + 69, -5*o - 60 = -5*h. Is (6/5)/((-3)/o) prime?
False
Let g(z) = -z + 6. Let k be g(7). Let l = k + -3. Is -1 + 0 - (-154 - l) composite?
False
Is 638 - (0 - 2)*9/(-6) prime?
False
Suppose -5*u - 1335 = -3*v - 3*u, v - 4*u = 455. Is v composite?
False
Let w be 4 - 4*2/4. Let x be (-772)/(-9) - w/(-9). Suppose 5*m + x - 341 = 0. Is m a composite number?
True
Let y(q) = 27*q**2 + 3*q - 23. Is y(6) a composite number?
False
Let h(l) = -927*l - 5. Is h(-6) a prime number?
True
Is (7/(-3))/((-8)/120) a prime number?
False
Is (444 + -1)/(5 - 4) composite?
False
Suppose 1 = -2*i + 3. Let d = i + -1. Suppose a + 4*r - 75 = d, -2*a + 5*a + 3*r - 189 = 0. Is a a composite number?
False
Suppose -3*c + 34 = 4*z, -z + 46 = 4*c + 4*z. Is c a prime number?
False
Let t be 8*((-15)/6 + 3). Suppose 0 = 3*z - x - 265, -3*x = z - t*z + 273. Is z composite?
True
Suppose -5*i - 125 = 5*u, 0 = -5*u + 4*i - 2*i - 132. Let w = -47 - u. Is 6/w - (-72)/7 a prime number?
False
Let f(q) be the first derivative of -q**2/2 - 2*q + 2. Let h be f(-2). Suppose h = 5*z - 395 + 60. Is z a composite number?
False
Let h = 1438 - 517. Is h prime?
False
Let o = 3 - -3. Let j be 1945/o - 4/24. Suppose 148 + j = 4*i. Is i a prime number?
False
Let t(z) = -84*z**3 - 2*z**2 - z. Let a(o) = o**2 + 2*o - 4. Let q be a(-3). Is t(q) a prime number?
True
Suppose -6*n + n + 3295 = 0. Is n a composite number?
False
Suppose 2*h + 0 + 6 = -2*y, y - h + 1 = 0. Let r be 1/2 - (-29)/y. Is r/4*(-5 + -5) composite?
True
Let z(v) = v**2 + 955. Is z(0) a prime number?
False
Let v(m) = -6*m. Let n be v(-2). Suppose 0 = 3*w + 3*b - 24, 4*w + 2*b - 38 = -n. Suppose -o - 2*g = -5*g - 12, 3*g = w*o - 48. Is o prime?
False
Let g(r) = -12*r - 3. Let n(o) = o - 1. Let t(k) = -g(k) - 4*n(k). Let y be -9 + 14 + 1 + -1. Is t(y) composite?
False
Suppose -1768 - 491 = -9*o. Is o a prime number?
True
Let l(a) = -162*a**3 - 3*a**2 - 3*a - 1. Is l(-1) prime?
False
Suppose 0 = -4*r + 1898 + 634. Is r prime?
False
Let g = -4 - -7. Let u(b) = 6*b**3 - 3*b**2 - 2. Is u(g) composite?
True
Let h(j) = 2*j**2 + 4*j + 2. Let z be h(-3). Is (-1085)/20*z/(-2) composite?
True
Suppose -8*z - 24 = -4*z. Is 4/z*(-5310)/20 a prime number?
False
Let r(m) = -m**2 - 10*m + 12. Let q be r(-9). Suppose -4*l + 3*o = q - 75, 3*o = -3*l + 51. Is l composite?
True
Let s = 1441 + 2628. Suppose 0 = 5*q + 1154 - s. Is q a composite number?
True
Suppose 0*d - 4*d = -132. Is d composite?
True
Let y = -106 - -253. Suppose 15 = 3*u, 0 = -v - u + y - 23. Is v prime?
False
Let y(k) = -k**3 - k**2 + 2*k + 1379. Is y(0) prime?
False
Suppose 2*o - 77 = 23. Suppose -2*p = -4*y + o, 2*y - 2*p - 27 = -3*p. Is y a composite number?
False
Is 3167 - ((-36)/(-10) - 4/(-10)) prime?
True
Suppose -2*f - 4*p + 2 = 0, 2*f - p - 4 = f. Let t = 6 - f. Suppose -v + t*v = 124. Is v prime?
False
Suppose -2*o - o = -2*p + 2, -5 = o - 5*p. Suppose y + o*y - 5 = 0. Suppose 2*a = 17 - y. Is a prime?
False
Let j(g) = -2 - 4*g + 5*g + 4*g - g**2. Let w be j(3). Suppose -w*o + 101 = 4*h - 35, 0 = -3*h + 3*o + 108. Is h a prime number?
False
Is 14054/10 - (-18)/(-45) a composite number?
True
Suppose -4*h = j - 5 - 4, -5*j + 9 = 2*h. Suppose -258 = -i - h*i. Is i prime?
False
Let o = -40 - -65. Suppose -6 - o = -n. Is n prime?
True
Let k = 1133 - 736. Is k prime?
True
Let z(a) = -a**2 - 12*a + 11. Let i be (-6)/(-4) - 42/4. Is z(i) a composite number?
True
Let g = -1 - -4. Let h(t) = 3*t + 6. Let w(v) = v + 3. Let m(f) = 3*h(f) - 7*w(f). Is m(g) a prime number?
True
Let l be (15/10)/(3/4). Let b be (l/(-4) + -1)*-2. Suppose -5*n = 3*t - 13, -n - n = -b*t + 41. Is t prime?
True
Suppose -2*p + 1690 + 672 = 0. Is p prime?
True
Let t(v) = v**2 + 9*v - 16. Let y be t(-11). Let c be 1*3 - (-7 + y). Is ((-664)/16)/((-2)/c) prime?
True
Is -983*-2*((-20)/8)/(-1) composite?
True
Let j(x) = 2*x**2 - 9 - 2*x**2 - 3*x**2 - 2*x + 5*x**2. Is j(11) prime?
True
Suppose 0 = -5*k + 27 - 12. Suppose -3*q + 27 = 5*z, k*z - 6*z + 36 = 4*q. Is 0 - (2 - q)*13 a composite number?
True
Suppose -p + y = -y + 1, 5*p + 11 = 4*y. Let f = 0 - -2. Is (f + p - -24) + -1 a prime number?
False
Suppose -5*f = -4*o + 341, 0*f - 143 = -2*o - 3*f. Is o prime?
True
Is (10128/14 - 4) + 3/(-7) prime?
True
Suppose 6*w - 2352 = 4*w + 2*h, 0 = 3*w - 4*h - 3528. Let k = 18 - 13. Suppose 0 = -3*o - n + 611, k*o - 5*n = w - 171. Is o composite?
True
Let v(z) = 29*z. Let o = 5 + -6. Let d(p) = p - 1. Let g(l) = o*v(l) + 2*d(l). Is g(-3) a prime number?
True
Let j = -275 + 469. Is 2/(4/j) - 0 composite?
False
Suppose 2*y + 2*y - 5772 = 0. Suppose y = 6*k - 3*k. Is k prime?
False
Let y = 73 + 98. Let f = -122 + y. Is f a composite number?
True
Let s(h) = -h + 2. Let k be s(-2). Is (-1161)/(-6)*k/6 prime?
False
Let l = 3078 + -1535. Is l prime?
True
Let h(q) = 18*q**3 + 22*q**2 - 9. Let t(z) = -12*z**3 - 15*z**2 + 6. Let f(s) = -5*h(s) - 7*t(s). Is f(-4) a prime number?
True
Suppose 0 = -0*q + q. Suppose 2*n - 2 = -4*y + 52, q = -4*n - 12. Is y a composite number?
True
Let x(a) = 9*a - 1. Let c be (-4)/10 + 66/(-10). Let t(w) = -28*w + 4. Let k(h) = c*x(h) - 2*t(h). Is k(-2) prime?
True
Suppose -2*c - 6 - 6 = 0. Let o = c - -1. Is (o/3)/((-2)/30) a prime number?
False
Suppose -5*u + 23 - 3 = -3*j, 2*u - j = 7. Suppose x + u = -4. Let d(t) = -41*t - 2. Is d(x) composite?
True
Suppose 6*g - g - 9 = 4*n, -2 = n - g. Is n/(-2)*(4 - -250) prime?
True
Suppose z + 256 = 2*d, d + 3*z = -d + 248. Is d a composite number?
False
Suppose 710 = -5*u + 4275. Is u a composite number?
True
Let u(j) = j**3 - j**2 + 5*j + 2. Let t(w) = w**2 + 3. Let n be t(-5). Suppose 4*x + 0*i = -4*i + n, 1 = -x + 3*i. Is u(x) a prime number?
True
Suppose 4*o - 2*u - 1765 = u, -2*u + 455 = o. Is o prime?
False
Suppose -5*l = -10*l + 290. Is l a composite number?
True
Let v(z) = 33*z + 1. Is v(2) prime?
True
Let w(l) = -69*l**3 - l. Let y be w(-1). Suppose 3*z + 463 - y = 0. Let d = -42 - z. Is d a composite number?
False
Let b(u) = u**3 + 10*u**2 + 6*u - 8. Is b(-9) a composite number?
False
Suppose b + 21 + 140 = 0. Let r = -104 - b. Suppose 7*a - r = 4*a. Is a a composite number?
False
Let t be (-80)/(-30)*(-138)/(-4). Let q = -61 + t. Is q a prime number?
True
Suppose 3*z + 1241 = 4*k - 2